{"id":1563,"date":"2021-06-01T13:44:20","date_gmt":"2021-06-01T12:44:20","guid":{"rendered":"https:\/\/meyershop.wpengine.com\/?post_type=product&#038;p=1563"},"modified":"2022-12-30T09:58:22","modified_gmt":"2022-12-30T08:58:22","slug":"odstranjivac-insekata-sa-stakla-renco-500ml","status":"publish","type":"product","link":"https:\/\/www.meyer.hr\/en\/product\/odstranjivac-insekata-sa-stakla-renco-500ml\/","title":{"rendered":"ODSTRANJIVA\u010c INSEKATA SA STAKLA &#8211; RENCO &#8211; 500ml"},"content":{"rendered":"<p>RenCo Odstranjiva\u010d insekata sa stakla je specijalni proizvod razvijen posebno za uklanjanje zasu\u0161enih ostataka insekata s automobilskih stakala. Aktivni sastojci omogu\u0107uju brzo odvajanje ostataka insekata sa stakla, a posebna vezna sredstva jam\u010de \u010di\u0161\u0107enje bez mrlja i ogrebotina.<\/p>","protected":false},"excerpt":{"rendered":"RenCo Odstranjiva\u010d insekata sa stakla je specijalni proizvod razvijen posebno za uklanjanje zasu\u0161enih ostataka insekata s automobilskih stakala.","protected":false},"featured_media":1564,"comment_status":"closed","ping_status":"closed","template":"","meta":{"spay_email":""},"product_cat":[40,84,87],"product_tag":[109],"class_list":["post-1563","product","type-product","status-publish","has-post-thumbnail","hentry","product_cat-renco","product_cat-autokozmetika","product_cat-tekucina-za-pranje-stakla","product_tag-njega-automobila"],"yoast_head":"<!-- This site is optimized with the Yoast SEO plugin v17.1 - https:\/\/yoast.com\/wordpress\/plugins\/seo\/ -->\n<meta name=\"robots\" content=\"index, follow, max-snippet:-1, max-image-preview:large, max-video-preview:-1\" \/>\n<link rel=\"canonical\" href=\"https:\/\/www.meyer.hr\/en\/product\/odstranjivac-insekata-sa-stakla-renco-500ml\/\" \/>\n<meta property=\"og:locale\" content=\"en_GB\" \/>\n<meta property=\"og:type\" content=\"article\" \/>\n<meta property=\"og:title\" content=\"ODSTRANJIVA\u010c INSEKATA SA STAKLA - RENCO - 500ml - Meyer\" \/>\n<meta property=\"og:description\" content=\"RenCo Odstranjiva\u010d insekata sa stakla je specijalni proizvod razvijen posebno za uklanjanje zasu\u0161enih ostataka insekata s automobilskih stakala.\" \/>\n<meta property=\"og:url\" content=\"https:\/\/www.meyer.hr\/en\/product\/odstranjivac-insekata-sa-stakla-renco-500ml\/\" \/>\n<meta property=\"og:site_name\" content=\"Meyer\" \/>\n<meta property=\"article:modified_time\" content=\"2022-12-30T08:58:22+00:00\" \/>\n<meta property=\"og:image\" content=\"https:\/\/www.meyer.hr\/wp-content\/uploads\/2021\/06\/odstranjivac-insekata-sa-stakla.jpg\" \/>\n\t<meta property=\"og:image:width\" content=\"1920\" \/>\n\t<meta property=\"og:image:height\" content=\"1920\" \/>\n<meta name=\"twitter:card\" content=\"summary_large_image\" \/>\n<meta name=\"twitter:label1\" content=\"Estimated reading time\" \/>\n\t<meta name=\"twitter:data1\" content=\"1 minute\" \/>\n<script type=\"application\/ld+json\" class=\"yoast-schema-graph\">{\"@context\":\"https:\/\/schema.org\",\"@graph\":[{\"@type\":\"Organization\",\"@id\":\"https:\/\/www.meyer.hr\/#organization\",\"name\":\"Zidac Laboratories\",\"url\":\"https:\/\/www.meyer.hr\/\",\"sameAs\":[],\"logo\":{\"@type\":\"ImageObject\",\"@id\":\"https:\/\/www.meyer.hr\/#logo\",\"inLanguage\":\"en-GB\",\"url\":\"https:\/\/www.meyer.hr\/wp-content\/uploads\/2020\/09\/Logo.svg\",\"contentUrl\":\"https:\/\/www.meyer.hr\/wp-content\/uploads\/2020\/09\/Logo.svg\",\"caption\":\"Zidac Laboratories\"},\"image\":{\"@id\":\"https:\/\/www.meyer.hr\/#logo\"}},{\"@type\":\"WebSite\",\"@id\":\"https:\/\/www.meyer.hr\/#website\",\"url\":\"https:\/\/www.meyer.hr\/\",\"name\":\"Meyer\",\"description\":\"\",\"publisher\":{\"@id\":\"https:\/\/www.meyer.hr\/#organization\"},\"potentialAction\":[{\"@type\":\"SearchAction\",\"target\":{\"@type\":\"EntryPoint\",\"urlTemplate\":\"https:\/\/www.meyer.hr\/?s={search_term_string}\"},\"query-input\":\"required name=search_term_string\"}],\"inLanguage\":\"en-GB\"},{\"@type\":\"ImageObject\",\"@id\":\"https:\/\/www.meyer.hr\/product\/odstranjivac-insekata-sa-stakla-renco-500ml\/#primaryimage\",\"inLanguage\":\"en-GB\",\"url\":\"https:\/\/i1.wp.com\/www.meyer.hr\/wp-content\/uploads\/2021\/06\/odstranjivac-insekata-sa-stakla.jpg?fit=1920%2C1920&ssl=1\",\"contentUrl\":\"https:\/\/i1.wp.com\/www.meyer.hr\/wp-content\/uploads\/2021\/06\/odstranjivac-insekata-sa-stakla.jpg?fit=1920%2C1920&ssl=1\",\"width\":1920,\"height\":1920},{\"@type\":[\"WebPage\",\"ItemPage\"],\"@id\":\"https:\/\/www.meyer.hr\/product\/odstranjivac-insekata-sa-stakla-renco-500ml\/#webpage\",\"url\":\"https:\/\/www.meyer.hr\/product\/odstranjivac-insekata-sa-stakla-renco-500ml\/\",\"name\":\"ODSTRANJIVA\\u010c INSEKATA SA STAKLA - RENCO - 500ml - Meyer\",\"isPartOf\":{\"@id\":\"https:\/\/www.meyer.hr\/#website\"},\"primaryImageOfPage\":{\"@id\":\"https:\/\/www.meyer.hr\/product\/odstranjivac-insekata-sa-stakla-renco-500ml\/#primaryimage\"},\"datePublished\":\"2021-06-01T12:44:20+00:00\",\"dateModified\":\"2022-12-30T08:58:22+00:00\",\"breadcrumb\":{\"@id\":\"https:\/\/www.meyer.hr\/product\/odstranjivac-insekata-sa-stakla-renco-500ml\/#breadcrumb\"},\"inLanguage\":\"en-GB\",\"potentialAction\":[{\"@type\":\"ReadAction\",\"target\":[\"https:\/\/www.meyer.hr\/product\/odstranjivac-insekata-sa-stakla-renco-500ml\/\"]}]},{\"@type\":\"BreadcrumbList\",\"@id\":\"https:\/\/www.meyer.hr\/product\/odstranjivac-insekata-sa-stakla-renco-500ml\/#breadcrumb\",\"itemListElement\":[{\"@type\":\"ListItem\",\"position\":1,\"name\":\"Home\",\"item\":\"https:\/\/www.meyer.hr\/\"},{\"@type\":\"ListItem\",\"position\":2,\"name\":\"Shop\",\"item\":\"https:\/\/www.meyer.hr\/\"},{\"@type\":\"ListItem\",\"position\":3,\"name\":\"ODSTRANJIVA\\u010c INSEKATA SA STAKLA &#8211; RENCO &#8211; 500ml\"}]}]}<\/script>\n<!-- \/ Yoast SEO plugin. -->","yoast_head_json":{"robots":{"index":"index","follow":"follow","max-snippet":"max-snippet:-1","max-image-preview":"max-image-preview:large","max-video-preview":"max-video-preview:-1"},"canonical":"https:\/\/www.meyer.hr\/en\/product\/odstranjivac-insekata-sa-stakla-renco-500ml\/","og_locale":"en_GB","og_type":"article","og_title":"ODSTRANJIVA\u010c INSEKATA SA STAKLA - RENCO - 500ml - Meyer","og_description":"RenCo Odstranjiva\u010d insekata sa stakla je specijalni proizvod razvijen posebno za uklanjanje zasu\u0161enih ostataka insekata s automobilskih stakala.","og_url":"https:\/\/www.meyer.hr\/en\/product\/odstranjivac-insekata-sa-stakla-renco-500ml\/","og_site_name":"Meyer","article_modified_time":"2022-12-30T08:58:22+00:00","og_image":[{"width":1920,"height":1920,"url":"https:\/\/www.meyer.hr\/wp-content\/uploads\/2021\/06\/odstranjivac-insekata-sa-stakla.jpg","path":"\/nas\/content\/live\/meyershop\/wp-content\/uploads\/2021\/06\/odstranjivac-insekata-sa-stakla.jpg","size":"full","id":1564,"alt":"","pixels":3686400,"type":"image\/jpeg"}],"twitter_card":"summary_large_image","twitter_misc":{"Estimated reading time":"1 minute"},"schema":{"@context":"https:\/\/schema.org","@graph":[{"@type":"Organization","@id":"https:\/\/www.meyer.hr\/#organization","name":"Zidac Laboratories","url":"https:\/\/www.meyer.hr\/","sameAs":[],"logo":{"@type":"ImageObject","@id":"https:\/\/www.meyer.hr\/#logo","inLanguage":"en-GB","url":"https:\/\/www.meyer.hr\/wp-content\/uploads\/2020\/09\/Logo.svg","contentUrl":"https:\/\/www.meyer.hr\/wp-content\/uploads\/2020\/09\/Logo.svg","caption":"Zidac Laboratories"},"image":{"@id":"https:\/\/www.meyer.hr\/#logo"}},{"@type":"WebSite","@id":"https:\/\/www.meyer.hr\/#website","url":"https:\/\/www.meyer.hr\/","name":"Meyer","description":"","publisher":{"@id":"https:\/\/www.meyer.hr\/#organization"},"potentialAction":[{"@type":"SearchAction","target":{"@type":"EntryPoint","urlTemplate":"https:\/\/www.meyer.hr\/?s={search_term_string}"},"query-input":"required name=search_term_string"}],"inLanguage":"en-GB"},{"@type":"ImageObject","@id":"https:\/\/www.meyer.hr\/product\/odstranjivac-insekata-sa-stakla-renco-500ml\/#primaryimage","inLanguage":"en-GB","url":"https:\/\/i1.wp.com\/www.meyer.hr\/wp-content\/uploads\/2021\/06\/odstranjivac-insekata-sa-stakla.jpg?fit=1920%2C1920&ssl=1","contentUrl":"https:\/\/i1.wp.com\/www.meyer.hr\/wp-content\/uploads\/2021\/06\/odstranjivac-insekata-sa-stakla.jpg?fit=1920%2C1920&ssl=1","width":1920,"height":1920},{"@type":["WebPage","ItemPage"],"@id":"https:\/\/www.meyer.hr\/product\/odstranjivac-insekata-sa-stakla-renco-500ml\/#webpage","url":"https:\/\/www.meyer.hr\/product\/odstranjivac-insekata-sa-stakla-renco-500ml\/","name":"ODSTRANJIVA\u010c INSEKATA SA STAKLA - RENCO - 500ml - Meyer","isPartOf":{"@id":"https:\/\/www.meyer.hr\/#website"},"primaryImageOfPage":{"@id":"https:\/\/www.meyer.hr\/product\/odstranjivac-insekata-sa-stakla-renco-500ml\/#primaryimage"},"datePublished":"2021-06-01T12:44:20+00:00","dateModified":"2022-12-30T08:58:22+00:00","breadcrumb":{"@id":"https:\/\/www.meyer.hr\/product\/odstranjivac-insekata-sa-stakla-renco-500ml\/#breadcrumb"},"inLanguage":"en-GB","potentialAction":[{"@type":"ReadAction","target":["https:\/\/www.meyer.hr\/product\/odstranjivac-insekata-sa-stakla-renco-500ml\/"]}]},{"@type":"BreadcrumbList","@id":"https:\/\/www.meyer.hr\/product\/odstranjivac-insekata-sa-stakla-renco-500ml\/#breadcrumb","itemListElement":[{"@type":"ListItem","position":1,"name":"Home","item":"https:\/\/www.meyer.hr\/"},{"@type":"ListItem","position":2,"name":"Shop","item":"https:\/\/www.meyer.hr\/"},{"@type":"ListItem","position":3,"name":"ODSTRANJIVA\u010c INSEKATA SA STAKLA &#8211; RENCO &#8211; 500ml"}]}]}},"_links":{"self":[{"href":"https:\/\/www.meyer.hr\/en\/wp-json\/wp\/v2\/product\/1563","targetHints":{"allow":["GET"]}}],"collection":[{"href":"https:\/\/www.meyer.hr\/en\/wp-json\/wp\/v2\/product"}],"about":[{"href":"https:\/\/www.meyer.hr\/en\/wp-json\/wp\/v2\/types\/product"}],"replies":[{"embeddable":true,"href":"https:\/\/www.meyer.hr\/en\/wp-json\/wp\/v2\/comments?post=1563"}],"wp:featuredmedia":[{"embeddable":true,"href":"https:\/\/www.meyer.hr\/en\/wp-json\/wp\/v2\/media\/1564"}],"wp:attachment":[{"href":"https:\/\/www.meyer.hr\/en\/wp-json\/wp\/v2\/media?parent=1563"}],"wp:term":[{"taxonomy":"product_cat","embeddable":true,"href":"https:\/\/www.meyer.hr\/en\/wp-json\/wp\/v2\/product_cat?post=1563"},{"taxonomy":"product_tag","embeddable":true,"href":"https:\/\/www.meyer.hr\/en\/wp-json\/wp\/v2\/product_tag?post=1563"}],"curies":[{"name":"wp","href":"https:\/\/api.w.org\/{rel}","templated":true}]}}

ODSTRANJIVAČ INSEKATA SA STAKLA &#8211; RENCO &#8211; 500ml

<p>RenCo Odstranjivač insekata sa stakla je specijalni proizvod razvijen posebno za uklanjanje zasušenih ostataka insekata s automobilskih stakala. Aktivni sastojci omogućuju brzo odvajanje ostataka insekata sa stakla, a posebna vezna sredstva jamče čišćenje bez mrlja i ogrebotina.</p>

RenCo Odstranjivač insekata sa stakla je specijalni proizvod razvijen posebno za uklanjanje zasušenih ostataka insekata s automobilskih stakala.

<!-- This site is optimized with the Yoast SEO plugin v17.1 - https://yoast.com/wordpress/plugins/seo/ -->
<meta name="robots" content="index, follow, max-snippet:-1, max-image-preview:large, max-video-preview:-1" />
<link rel="canonical" href="https://www.meyer.hr/en/product/odstranjivac-insekata-sa-stakla-renco-500ml/" />
<meta property="og:locale" content="en_GB" />
<meta property="og:type" content="article" />
<meta property="og:title" content="ODSTRANJIVAČ INSEKATA SA STAKLA - RENCO - 500ml - Meyer" />
<meta property="og:description" content="RenCo Odstranjivač insekata sa stakla je specijalni proizvod razvijen posebno za uklanjanje zasušenih ostataka insekata s automobilskih stakala." />
<meta property="og:url" content="https://www.meyer.hr/en/product/odstranjivac-insekata-sa-stakla-renco-500ml/" />
<meta property="og:site_name" content="Meyer" />
<meta property="article:modified_time" content="2022-12-30T08:58:22+00:00" />
<meta property="og:image" content="https://www.meyer.hr/wp-content/uploads/2021/06/odstranjivac-insekata-sa-stakla.jpg" />
	<meta property="og:image:width" content="1920" />
	<meta property="og:image:height" content="1920" />
<meta name="twitter:card" content="summary_large_image" />
<meta name="twitter:label1" content="Estimated reading time" />
	<meta name="twitter:data1" content="1 minute" />
<script type="application/ld+json" class="yoast-schema-graph">{"@context":"https://schema.org","@graph":[{"@type":"Organization","@id":"https://www.meyer.hr/#organization","name":"Zidac Laboratories","url":"https://www.meyer.hr/","sameAs":[],"logo":{"@type":"ImageObject","@id":"https://www.meyer.hr/#logo","inLanguage":"en-GB","url":"https://www.meyer.hr/wp-content/uploads/2020/09/Logo.svg","contentUrl":"https://www.meyer.hr/wp-content/uploads/2020/09/Logo.svg","caption":"Zidac Laboratories"},"image":{"@id":"https://www.meyer.hr/#logo"}},{"@type":"WebSite","@id":"https://www.meyer.hr/#website","url":"https://www.meyer.hr/","name":"Meyer","description":"","publisher":{"@id":"https://www.meyer.hr/#organization"},"potentialAction":[{"@type":"SearchAction","target":{"@type":"EntryPoint","urlTemplate":"https://www.meyer.hr/?s={search_term_string}"},"query-input":"required name=search_term_string"}],"inLanguage":"en-GB"},{"@type":"ImageObject","@id":"https://www.meyer.hr/product/odstranjivac-insekata-sa-stakla-renco-500ml/#primaryimage","inLanguage":"en-GB","url":"https://i1.wp.com/www.meyer.hr/wp-content/uploads/2021/06/odstranjivac-insekata-sa-stakla.jpg?fit=1920%2C1920&ssl=1","contentUrl":"https://i1.wp.com/www.meyer.hr/wp-content/uploads/2021/06/odstranjivac-insekata-sa-stakla.jpg?fit=1920%2C1920&ssl=1","width":1920,"height":1920},{"@type":["WebPage","ItemPage"],"@id":"https://www.meyer.hr/product/odstranjivac-insekata-sa-stakla-renco-500ml/#webpage","url":"https://www.meyer.hr/product/odstranjivac-insekata-sa-stakla-renco-500ml/","name":"ODSTRANJIVA\u010c INSEKATA SA STAKLA - RENCO - 500ml - Meyer","isPartOf":{"@id":"https://www.meyer.hr/#website"},"primaryImageOfPage":{"@id":"https://www.meyer.hr/product/odstranjivac-insekata-sa-stakla-renco-500ml/#primaryimage"},"datePublished":"2021-06-01T12:44:20+00:00","dateModified":"2022-12-30T08:58:22+00:00","breadcrumb":{"@id":"https://www.meyer.hr/product/odstranjivac-insekata-sa-stakla-renco-500ml/#breadcrumb"},"inLanguage":"en-GB","potentialAction":[{"@type":"ReadAction","target":["https://www.meyer.hr/product/odstranjivac-insekata-sa-stakla-renco-500ml/"]}]},{"@type":"BreadcrumbList","@id":"https://www.meyer.hr/product/odstranjivac-insekata-sa-stakla-renco-500ml/#breadcrumb","itemListElement":[{"@type":"ListItem","position":1,"name":"Home","item":"https://www.meyer.hr/"},{"@type":"ListItem","position":2,"name":"Shop","item":"https://www.meyer.hr/"},{"@type":"ListItem","position":3,"name":"ODSTRANJIVA\u010c INSEKATA SA STAKLA &#8211; RENCO &#8211; 500ml"}]}]}</script>
<!-- / Yoast SEO plugin. -->

ODSTRANJIVAČ INSEKATA SA STAKLA - RENCO - 500ml - Meyer
