{"id":2291,"date":"2022-02-03T09:02:30","date_gmt":"2022-02-03T08:02:30","guid":{"rendered":"https:\/\/www.meyer.hr\/?post_type=product&#038;p=2291"},"modified":"2025-12-05T15:40:04","modified_gmt":"2025-12-05T14:40:04","slug":"annyer-poklon-set-aloe-vera-i-menta","status":"publish","type":"product","link":"https:\/\/www.meyer.hr\/en\/product\/annyer-poklon-set-aloe-vera-i-menta\/","title":{"rendered":"ANNYER | POKLON SET ALOE VERA I MENTA"},"content":{"rendered":"<p>Miri\u0161ljavi i njeguju\u0107i poklon set koji sadr\u017ei 2 proizvoda: Mlijeko za ruke i tijelo &amp; gel za tu\u0161iranje.<\/p>","protected":false},"excerpt":{"rendered":"Poklon set &#8211; mlijeko za ruke i tijelo &amp; gel za tu\u0161iranje Aloe vera i menta.","protected":false},"featured_media":2659,"comment_status":"closed","ping_status":"closed","template":"","meta":{"spay_email":""},"product_cat":[37,73,74,75,79],"product_tag":[110],"class_list":["post-2291","product","type-product","status-publish","has-post-thumbnail","hentry","product_cat-annyer","product_cat-njega-tijela-annyer","product_cat-gelovi-za-tusiranje","product_cat-mlijeko-za-tijelo","product_cat-poklon-setovi-annyer","product_tag-njega-tijela"],"yoast_head":"<!-- This site is optimized with the Yoast SEO plugin v17.1 - https:\/\/yoast.com\/wordpress\/plugins\/seo\/ -->\n<meta name=\"robots\" content=\"index, follow, max-snippet:-1, max-image-preview:large, max-video-preview:-1\" \/>\n<link rel=\"canonical\" href=\"https:\/\/www.meyer.hr\/en\/product\/annyer-poklon-set-aloe-vera-i-menta\/\" \/>\n<meta property=\"og:locale\" content=\"en_GB\" \/>\n<meta property=\"og:type\" content=\"article\" \/>\n<meta property=\"og:title\" content=\"ANNYER | POKLON SET ALOE VERA I MENTA - Meyer\" \/>\n<meta property=\"og:description\" content=\"Poklon set - mlijeko za ruke i tijelo &amp; gel za tu\u0161iranje Aloe vera i menta.\" \/>\n<meta property=\"og:url\" content=\"https:\/\/www.meyer.hr\/en\/product\/annyer-poklon-set-aloe-vera-i-menta\/\" \/>\n<meta property=\"og:site_name\" content=\"Meyer\" \/>\n<meta property=\"article:modified_time\" content=\"2025-12-05T14:40:04+00:00\" \/>\n<meta property=\"og:image\" content=\"https:\/\/www.meyer.hr\/wp-content\/uploads\/2022\/02\/Mockup-Box-Aloe-Vera-Mint.jpg\" \/>\n\t<meta property=\"og:image:width\" content=\"1920\" \/>\n\t<meta property=\"og:image:height\" content=\"1920\" \/>\n<meta name=\"twitter:card\" content=\"summary_large_image\" \/>\n<script type=\"application\/ld+json\" class=\"yoast-schema-graph\">{\"@context\":\"https:\/\/schema.org\",\"@graph\":[{\"@type\":\"Organization\",\"@id\":\"https:\/\/www.meyer.hr\/#organization\",\"name\":\"Zidac Laboratories\",\"url\":\"https:\/\/www.meyer.hr\/\",\"sameAs\":[],\"logo\":{\"@type\":\"ImageObject\",\"@id\":\"https:\/\/www.meyer.hr\/#logo\",\"inLanguage\":\"en-GB\",\"url\":\"https:\/\/www.meyer.hr\/wp-content\/uploads\/2020\/09\/Logo.svg\",\"contentUrl\":\"https:\/\/www.meyer.hr\/wp-content\/uploads\/2020\/09\/Logo.svg\",\"caption\":\"Zidac Laboratories\"},\"image\":{\"@id\":\"https:\/\/www.meyer.hr\/#logo\"}},{\"@type\":\"WebSite\",\"@id\":\"https:\/\/www.meyer.hr\/#website\",\"url\":\"https:\/\/www.meyer.hr\/\",\"name\":\"Meyer\",\"description\":\"\",\"publisher\":{\"@id\":\"https:\/\/www.meyer.hr\/#organization\"},\"potentialAction\":[{\"@type\":\"SearchAction\",\"target\":{\"@type\":\"EntryPoint\",\"urlTemplate\":\"https:\/\/www.meyer.hr\/?s={search_term_string}\"},\"query-input\":\"required name=search_term_string\"}],\"inLanguage\":\"en-GB\"},{\"@type\":\"ImageObject\",\"@id\":\"https:\/\/www.meyer.hr\/product\/annyer-poklon-set-aloe-vera-i-menta\/#primaryimage\",\"inLanguage\":\"en-GB\",\"url\":\"https:\/\/i0.wp.com\/www.meyer.hr\/wp-content\/uploads\/2022\/02\/Mockup-Box-Aloe-Vera-Mint.jpg?fit=1920%2C1920&ssl=1\",\"contentUrl\":\"https:\/\/i0.wp.com\/www.meyer.hr\/wp-content\/uploads\/2022\/02\/Mockup-Box-Aloe-Vera-Mint.jpg?fit=1920%2C1920&ssl=1\",\"width\":1920,\"height\":1920},{\"@type\":[\"WebPage\",\"ItemPage\"],\"@id\":\"https:\/\/www.meyer.hr\/product\/annyer-poklon-set-aloe-vera-i-menta\/#webpage\",\"url\":\"https:\/\/www.meyer.hr\/product\/annyer-poklon-set-aloe-vera-i-menta\/\",\"name\":\"ANNYER | POKLON SET ALOE VERA I MENTA - Meyer\",\"isPartOf\":{\"@id\":\"https:\/\/www.meyer.hr\/#website\"},\"primaryImageOfPage\":{\"@id\":\"https:\/\/www.meyer.hr\/product\/annyer-poklon-set-aloe-vera-i-menta\/#primaryimage\"},\"datePublished\":\"2022-02-03T08:02:30+00:00\",\"dateModified\":\"2025-12-05T14:40:04+00:00\",\"breadcrumb\":{\"@id\":\"https:\/\/www.meyer.hr\/product\/annyer-poklon-set-aloe-vera-i-menta\/#breadcrumb\"},\"inLanguage\":\"en-GB\",\"potentialAction\":[{\"@type\":\"ReadAction\",\"target\":[\"https:\/\/www.meyer.hr\/product\/annyer-poklon-set-aloe-vera-i-menta\/\"]}]},{\"@type\":\"BreadcrumbList\",\"@id\":\"https:\/\/www.meyer.hr\/product\/annyer-poklon-set-aloe-vera-i-menta\/#breadcrumb\",\"itemListElement\":[{\"@type\":\"ListItem\",\"position\":1,\"name\":\"Home\",\"item\":\"https:\/\/www.meyer.hr\/\"},{\"@type\":\"ListItem\",\"position\":2,\"name\":\"Shop\",\"item\":\"https:\/\/www.meyer.hr\/\"},{\"@type\":\"ListItem\",\"position\":3,\"name\":\"ANNYER | POKLON SET ALOE VERA I MENTA\"}]}]}<\/script>\n<!-- \/ Yoast SEO plugin. -->","yoast_head_json":{"robots":{"index":"index","follow":"follow","max-snippet":"max-snippet:-1","max-image-preview":"max-image-preview:large","max-video-preview":"max-video-preview:-1"},"canonical":"https:\/\/www.meyer.hr\/en\/product\/annyer-poklon-set-aloe-vera-i-menta\/","og_locale":"en_GB","og_type":"article","og_title":"ANNYER | POKLON SET ALOE VERA I MENTA - Meyer","og_description":"Poklon set - mlijeko za ruke i tijelo &amp; gel za tu\u0161iranje Aloe vera i menta.","og_url":"https:\/\/www.meyer.hr\/en\/product\/annyer-poklon-set-aloe-vera-i-menta\/","og_site_name":"Meyer","article_modified_time":"2025-12-05T14:40:04+00:00","og_image":[{"width":1920,"height":1920,"url":"https:\/\/www.meyer.hr\/wp-content\/uploads\/2022\/02\/Mockup-Box-Aloe-Vera-Mint.jpg","path":"\/nas\/content\/live\/meyershop\/wp-content\/uploads\/2022\/02\/Mockup-Box-Aloe-Vera-Mint.jpg","size":"full","id":2659,"alt":"","pixels":3686400,"type":"image\/jpeg"}],"twitter_card":"summary_large_image","schema":{"@context":"https:\/\/schema.org","@graph":[{"@type":"Organization","@id":"https:\/\/www.meyer.hr\/#organization","name":"Zidac Laboratories","url":"https:\/\/www.meyer.hr\/","sameAs":[],"logo":{"@type":"ImageObject","@id":"https:\/\/www.meyer.hr\/#logo","inLanguage":"en-GB","url":"https:\/\/www.meyer.hr\/wp-content\/uploads\/2020\/09\/Logo.svg","contentUrl":"https:\/\/www.meyer.hr\/wp-content\/uploads\/2020\/09\/Logo.svg","caption":"Zidac Laboratories"},"image":{"@id":"https:\/\/www.meyer.hr\/#logo"}},{"@type":"WebSite","@id":"https:\/\/www.meyer.hr\/#website","url":"https:\/\/www.meyer.hr\/","name":"Meyer","description":"","publisher":{"@id":"https:\/\/www.meyer.hr\/#organization"},"potentialAction":[{"@type":"SearchAction","target":{"@type":"EntryPoint","urlTemplate":"https:\/\/www.meyer.hr\/?s={search_term_string}"},"query-input":"required name=search_term_string"}],"inLanguage":"en-GB"},{"@type":"ImageObject","@id":"https:\/\/www.meyer.hr\/product\/annyer-poklon-set-aloe-vera-i-menta\/#primaryimage","inLanguage":"en-GB","url":"https:\/\/i0.wp.com\/www.meyer.hr\/wp-content\/uploads\/2022\/02\/Mockup-Box-Aloe-Vera-Mint.jpg?fit=1920%2C1920&ssl=1","contentUrl":"https:\/\/i0.wp.com\/www.meyer.hr\/wp-content\/uploads\/2022\/02\/Mockup-Box-Aloe-Vera-Mint.jpg?fit=1920%2C1920&ssl=1","width":1920,"height":1920},{"@type":["WebPage","ItemPage"],"@id":"https:\/\/www.meyer.hr\/product\/annyer-poklon-set-aloe-vera-i-menta\/#webpage","url":"https:\/\/www.meyer.hr\/product\/annyer-poklon-set-aloe-vera-i-menta\/","name":"ANNYER | POKLON SET ALOE VERA I MENTA - Meyer","isPartOf":{"@id":"https:\/\/www.meyer.hr\/#website"},"primaryImageOfPage":{"@id":"https:\/\/www.meyer.hr\/product\/annyer-poklon-set-aloe-vera-i-menta\/#primaryimage"},"datePublished":"2022-02-03T08:02:30+00:00","dateModified":"2025-12-05T14:40:04+00:00","breadcrumb":{"@id":"https:\/\/www.meyer.hr\/product\/annyer-poklon-set-aloe-vera-i-menta\/#breadcrumb"},"inLanguage":"en-GB","potentialAction":[{"@type":"ReadAction","target":["https:\/\/www.meyer.hr\/product\/annyer-poklon-set-aloe-vera-i-menta\/"]}]},{"@type":"BreadcrumbList","@id":"https:\/\/www.meyer.hr\/product\/annyer-poklon-set-aloe-vera-i-menta\/#breadcrumb","itemListElement":[{"@type":"ListItem","position":1,"name":"Home","item":"https:\/\/www.meyer.hr\/"},{"@type":"ListItem","position":2,"name":"Shop","item":"https:\/\/www.meyer.hr\/"},{"@type":"ListItem","position":3,"name":"ANNYER | POKLON SET ALOE VERA I MENTA"}]}]}},"_links":{"self":[{"href":"https:\/\/www.meyer.hr\/en\/wp-json\/wp\/v2\/product\/2291","targetHints":{"allow":["GET"]}}],"collection":[{"href":"https:\/\/www.meyer.hr\/en\/wp-json\/wp\/v2\/product"}],"about":[{"href":"https:\/\/www.meyer.hr\/en\/wp-json\/wp\/v2\/types\/product"}],"replies":[{"embeddable":true,"href":"https:\/\/www.meyer.hr\/en\/wp-json\/wp\/v2\/comments?post=2291"}],"wp:featuredmedia":[{"embeddable":true,"href":"https:\/\/www.meyer.hr\/en\/wp-json\/wp\/v2\/media\/2659"}],"wp:attachment":[{"href":"https:\/\/www.meyer.hr\/en\/wp-json\/wp\/v2\/media?parent=2291"}],"wp:term":[{"taxonomy":"product_cat","embeddable":true,"href":"https:\/\/www.meyer.hr\/en\/wp-json\/wp\/v2\/product_cat?post=2291"},{"taxonomy":"product_tag","embeddable":true,"href":"https:\/\/www.meyer.hr\/en\/wp-json\/wp\/v2\/product_tag?post=2291"}],"curies":[{"name":"wp","href":"https:\/\/api.w.org\/{rel}","templated":true}]}}

<p>Mirišljavi i njegujući poklon set koji sadrži 2 proizvoda: Mlijeko za ruke i tijelo &amp; gel za tuširanje.</p>

Poklon set &#8211; mlijeko za ruke i tijelo &amp; gel za tuširanje Aloe vera i menta.

<!-- This site is optimized with the Yoast SEO plugin v17.1 - https://yoast.com/wordpress/plugins/seo/ -->
<meta name="robots" content="index, follow, max-snippet:-1, max-image-preview:large, max-video-preview:-1" />
<link rel="canonical" href="https://www.meyer.hr/en/product/annyer-poklon-set-aloe-vera-i-menta/" />
<meta property="og:locale" content="en_GB" />
<meta property="og:type" content="article" />
<meta property="og:title" content="ANNYER | POKLON SET ALOE VERA I MENTA - Meyer" />
<meta property="og:description" content="Poklon set - mlijeko za ruke i tijelo &amp; gel za tuširanje Aloe vera i menta." />
<meta property="og:url" content="https://www.meyer.hr/en/product/annyer-poklon-set-aloe-vera-i-menta/" />
<meta property="og:site_name" content="Meyer" />
<meta property="article:modified_time" content="2025-12-05T14:40:04+00:00" />
<meta property="og:image" content="https://www.meyer.hr/wp-content/uploads/2022/02/Mockup-Box-Aloe-Vera-Mint.jpg" />
	<meta property="og:image:width" content="1920" />
	<meta property="og:image:height" content="1920" />
<meta name="twitter:card" content="summary_large_image" />
<script type="application/ld+json" class="yoast-schema-graph">{"@context":"https://schema.org","@graph":[{"@type":"Organization","@id":"https://www.meyer.hr/#organization","name":"Zidac Laboratories","url":"https://www.meyer.hr/","sameAs":[],"logo":{"@type":"ImageObject","@id":"https://www.meyer.hr/#logo","inLanguage":"en-GB","url":"https://www.meyer.hr/wp-content/uploads/2020/09/Logo.svg","contentUrl":"https://www.meyer.hr/wp-content/uploads/2020/09/Logo.svg","caption":"Zidac Laboratories"},"image":{"@id":"https://www.meyer.hr/#logo"}},{"@type":"WebSite","@id":"https://www.meyer.hr/#website","url":"https://www.meyer.hr/","name":"Meyer","description":"","publisher":{"@id":"https://www.meyer.hr/#organization"},"potentialAction":[{"@type":"SearchAction","target":{"@type":"EntryPoint","urlTemplate":"https://www.meyer.hr/?s={search_term_string}"},"query-input":"required name=search_term_string"}],"inLanguage":"en-GB"},{"@type":"ImageObject","@id":"https://www.meyer.hr/product/annyer-poklon-set-aloe-vera-i-menta/#primaryimage","inLanguage":"en-GB","url":"https://i0.wp.com/www.meyer.hr/wp-content/uploads/2022/02/Mockup-Box-Aloe-Vera-Mint.jpg?fit=1920%2C1920&ssl=1","contentUrl":"https://i0.wp.com/www.meyer.hr/wp-content/uploads/2022/02/Mockup-Box-Aloe-Vera-Mint.jpg?fit=1920%2C1920&ssl=1","width":1920,"height":1920},{"@type":["WebPage","ItemPage"],"@id":"https://www.meyer.hr/product/annyer-poklon-set-aloe-vera-i-menta/#webpage","url":"https://www.meyer.hr/product/annyer-poklon-set-aloe-vera-i-menta/","name":"ANNYER | POKLON SET ALOE VERA I MENTA - Meyer","isPartOf":{"@id":"https://www.meyer.hr/#website"},"primaryImageOfPage":{"@id":"https://www.meyer.hr/product/annyer-poklon-set-aloe-vera-i-menta/#primaryimage"},"datePublished":"2022-02-03T08:02:30+00:00","dateModified":"2025-12-05T14:40:04+00:00","breadcrumb":{"@id":"https://www.meyer.hr/product/annyer-poklon-set-aloe-vera-i-menta/#breadcrumb"},"inLanguage":"en-GB","potentialAction":[{"@type":"ReadAction","target":["https://www.meyer.hr/product/annyer-poklon-set-aloe-vera-i-menta/"]}]},{"@type":"BreadcrumbList","@id":"https://www.meyer.hr/product/annyer-poklon-set-aloe-vera-i-menta/#breadcrumb","itemListElement":[{"@type":"ListItem","position":1,"name":"Home","item":"https://www.meyer.hr/"},{"@type":"ListItem","position":2,"name":"Shop","item":"https://www.meyer.hr/"},{"@type":"ListItem","position":3,"name":"ANNYER | POKLON SET ALOE VERA I MENTA"}]}]}</script>
<!-- / Yoast SEO plugin. -->

Poklon set - mlijeko za ruke i tijelo &amp; gel za tuširanje Aloe vera i menta.
