{"id":2720,"date":"2022-07-18T09:21:56","date_gmt":"2022-07-18T08:21:56","guid":{"rendered":"https:\/\/www.meyer.hr\/?post_type=product&#038;p=2720"},"modified":"2026-04-10T14:19:35","modified_gmt":"2026-04-10T13:19:35","slug":"esencia-adria-hidratizirajuci-secerni-piling-470g","status":"publish","type":"product","link":"https:\/\/www.meyer.hr\/en\/product\/esencia-adria-hidratizirajuci-secerni-piling-470g\/","title":{"rendered":"ESENCIA ADRIA | HIDRATIZIRAJU\u0106I \u0160E\u0106ERNI PILING 470g"},"content":{"rendered":"<p>\u0160e\u0107erni piling za tijelo oboga\u0107en ko\u0161ticama marelice, pro\u017eet mirisom so\u010dne naran\u010de. Inovativna uljna tekstura koja se u dodiru s vodom pretvara u bogatu mlije\u010dnu emulziju te njeguje i \u010disti ko\u017eu od ne\u010disto\u0107a ne ostavljaju\u010di masni trag. Ko\u017ea ostaje savr\u0161eno \u010dista, meka i glatka, revitalizirana i prirodno lijepa. S uljem gorke naran\u010de i ko\u0161ticama marelice.<\/p>","protected":false},"excerpt":{"rendered":"Esencia Adria Hidratiziraju\u0107i \u0161e\u0107erni piling s dragocjenim suhim uljima. 98% sastojaka je prirodnog podrijetla. Proizvod je nagra\u0111en presti\u017enom\u00a0<strong>Elle Beauty Awards 2025<\/strong>\u00a0nagradom po\u00a0<strong>izboru \u017eirija<\/strong>.","protected":false},"featured_media":4686,"comment_status":"closed","ping_status":"closed","template":"","meta":{"spay_email":""},"product_cat":[36,50],"product_tag":[110],"class_list":["post-2720","product","type-product","status-publish","has-post-thumbnail","hentry","product_cat-essencia-adria","product_cat-njega-tijela","product_tag-njega-tijela"],"yoast_head":"<!-- This site is optimized with the Yoast SEO plugin v17.1 - https:\/\/yoast.com\/wordpress\/plugins\/seo\/ -->\n<meta name=\"robots\" content=\"index, follow, max-snippet:-1, max-image-preview:large, max-video-preview:-1\" \/>\n<link rel=\"canonical\" href=\"https:\/\/www.meyer.hr\/en\/product\/esencia-adria-hidratizirajuci-secerni-piling-470g\/\" \/>\n<meta property=\"og:locale\" content=\"en_GB\" \/>\n<meta property=\"og:type\" content=\"article\" \/>\n<meta property=\"og:title\" content=\"ESENCIA ADRIA | HIDRATIZIRAJU\u0106I \u0160E\u0106ERNI PILING 470g - Meyer\" \/>\n<meta property=\"og:description\" content=\"Esencia Adria Hidratiziraju\u0107i \u0161e\u0107erni piling s dragocjenim suhim uljima. 98% sastojaka je prirodnog podrijetla. Proizvod je nagra\u0111en presti\u017enom\u00a0Elle Beauty Awards 2025\u00a0nagradom po\u00a0izboru \u017eirija.\" \/>\n<meta property=\"og:url\" content=\"https:\/\/www.meyer.hr\/en\/product\/esencia-adria-hidratizirajuci-secerni-piling-470g\/\" \/>\n<meta property=\"og:site_name\" content=\"Meyer\" \/>\n<meta property=\"article:modified_time\" content=\"2026-04-10T13:19:35+00:00\" \/>\n<meta property=\"og:image\" content=\"https:\/\/www.meyer.hr\/wp-content\/uploads\/2022\/07\/Esencia-Adria-Hidratizirajuci-secerni-piling-EBA-2025-470g.jpg\" \/>\n\t<meta property=\"og:image:width\" content=\"1920\" \/>\n\t<meta property=\"og:image:height\" content=\"1920\" \/>\n<meta name=\"twitter:card\" content=\"summary_large_image\" \/>\n<meta name=\"twitter:label1\" content=\"Estimated reading time\" \/>\n\t<meta name=\"twitter:data1\" content=\"1 minute\" \/>\n<script type=\"application\/ld+json\" class=\"yoast-schema-graph\">{\"@context\":\"https:\/\/schema.org\",\"@graph\":[{\"@type\":\"Organization\",\"@id\":\"https:\/\/www.meyer.hr\/#organization\",\"name\":\"Zidac Laboratories\",\"url\":\"https:\/\/www.meyer.hr\/\",\"sameAs\":[],\"logo\":{\"@type\":\"ImageObject\",\"@id\":\"https:\/\/www.meyer.hr\/#logo\",\"inLanguage\":\"en-GB\",\"url\":\"https:\/\/www.meyer.hr\/wp-content\/uploads\/2020\/09\/Logo.svg\",\"contentUrl\":\"https:\/\/www.meyer.hr\/wp-content\/uploads\/2020\/09\/Logo.svg\",\"caption\":\"Zidac Laboratories\"},\"image\":{\"@id\":\"https:\/\/www.meyer.hr\/#logo\"}},{\"@type\":\"WebSite\",\"@id\":\"https:\/\/www.meyer.hr\/#website\",\"url\":\"https:\/\/www.meyer.hr\/\",\"name\":\"Meyer\",\"description\":\"\",\"publisher\":{\"@id\":\"https:\/\/www.meyer.hr\/#organization\"},\"potentialAction\":[{\"@type\":\"SearchAction\",\"target\":{\"@type\":\"EntryPoint\",\"urlTemplate\":\"https:\/\/www.meyer.hr\/?s={search_term_string}\"},\"query-input\":\"required name=search_term_string\"}],\"inLanguage\":\"en-GB\"},{\"@type\":\"ImageObject\",\"@id\":\"https:\/\/www.meyer.hr\/product\/esencia-adria-hidratizirajuci-secerni-piling-470g\/#primaryimage\",\"inLanguage\":\"en-GB\",\"url\":\"https:\/\/i2.wp.com\/www.meyer.hr\/wp-content\/uploads\/2022\/07\/Esencia-Adria-Hidratizirajuci-secerni-piling-EBA-2025-470g.jpg?fit=1920%2C1920&ssl=1\",\"contentUrl\":\"https:\/\/i2.wp.com\/www.meyer.hr\/wp-content\/uploads\/2022\/07\/Esencia-Adria-Hidratizirajuci-secerni-piling-EBA-2025-470g.jpg?fit=1920%2C1920&ssl=1\",\"width\":1920,\"height\":1920,\"caption\":\"Esencia Adria Hidratizirajuci secerni piling EBA 2025 470g\"},{\"@type\":[\"WebPage\",\"ItemPage\"],\"@id\":\"https:\/\/www.meyer.hr\/product\/esencia-adria-hidratizirajuci-secerni-piling-470g\/#webpage\",\"url\":\"https:\/\/www.meyer.hr\/product\/esencia-adria-hidratizirajuci-secerni-piling-470g\/\",\"name\":\"ESENCIA ADRIA | HIDRATIZIRAJU\\u0106I \\u0160E\\u0106ERNI PILING 470g - Meyer\",\"isPartOf\":{\"@id\":\"https:\/\/www.meyer.hr\/#website\"},\"primaryImageOfPage\":{\"@id\":\"https:\/\/www.meyer.hr\/product\/esencia-adria-hidratizirajuci-secerni-piling-470g\/#primaryimage\"},\"datePublished\":\"2022-07-18T08:21:56+00:00\",\"dateModified\":\"2026-04-10T13:19:35+00:00\",\"breadcrumb\":{\"@id\":\"https:\/\/www.meyer.hr\/product\/esencia-adria-hidratizirajuci-secerni-piling-470g\/#breadcrumb\"},\"inLanguage\":\"en-GB\",\"potentialAction\":[{\"@type\":\"ReadAction\",\"target\":[\"https:\/\/www.meyer.hr\/product\/esencia-adria-hidratizirajuci-secerni-piling-470g\/\"]}]},{\"@type\":\"BreadcrumbList\",\"@id\":\"https:\/\/www.meyer.hr\/product\/esencia-adria-hidratizirajuci-secerni-piling-470g\/#breadcrumb\",\"itemListElement\":[{\"@type\":\"ListItem\",\"position\":1,\"name\":\"Home\",\"item\":\"https:\/\/www.meyer.hr\/\"},{\"@type\":\"ListItem\",\"position\":2,\"name\":\"Shop\",\"item\":\"https:\/\/www.meyer.hr\/\"},{\"@type\":\"ListItem\",\"position\":3,\"name\":\"ESENCIA ADRIA | HIDRATIZIRAJU\\u0106I \\u0160E\\u0106ERNI PILING 470g\"}]}]}<\/script>\n<!-- \/ Yoast SEO plugin. -->","yoast_head_json":{"robots":{"index":"index","follow":"follow","max-snippet":"max-snippet:-1","max-image-preview":"max-image-preview:large","max-video-preview":"max-video-preview:-1"},"canonical":"https:\/\/www.meyer.hr\/en\/product\/esencia-adria-hidratizirajuci-secerni-piling-470g\/","og_locale":"en_GB","og_type":"article","og_title":"ESENCIA ADRIA | HIDRATIZIRAJU\u0106I \u0160E\u0106ERNI PILING 470g - Meyer","og_description":"Esencia Adria Hidratiziraju\u0107i \u0161e\u0107erni piling s dragocjenim suhim uljima. 98% sastojaka je prirodnog podrijetla. Proizvod je nagra\u0111en presti\u017enom\u00a0Elle Beauty Awards 2025\u00a0nagradom po\u00a0izboru \u017eirija.","og_url":"https:\/\/www.meyer.hr\/en\/product\/esencia-adria-hidratizirajuci-secerni-piling-470g\/","og_site_name":"Meyer","article_modified_time":"2026-04-10T13:19:35+00:00","og_image":[{"width":1920,"height":1920,"filesize":216297,"url":"https:\/\/www.meyer.hr\/wp-content\/uploads\/2022\/07\/Esencia-Adria-Hidratizirajuci-secerni-piling-EBA-2025-470g.jpg","path":"\/nas\/content\/live\/meyershop\/wp-content\/uploads\/2022\/07\/Esencia-Adria-Hidratizirajuci-secerni-piling-EBA-2025-470g.jpg","size":"full","id":4686,"alt":"Esencia Adria Hidratizirajuci secerni piling EBA 2025 470g","pixels":3686400,"type":"image\/jpeg"}],"twitter_card":"summary_large_image","twitter_misc":{"Estimated reading time":"1 minute"},"schema":{"@context":"https:\/\/schema.org","@graph":[{"@type":"Organization","@id":"https:\/\/www.meyer.hr\/#organization","name":"Zidac Laboratories","url":"https:\/\/www.meyer.hr\/","sameAs":[],"logo":{"@type":"ImageObject","@id":"https:\/\/www.meyer.hr\/#logo","inLanguage":"en-GB","url":"https:\/\/www.meyer.hr\/wp-content\/uploads\/2020\/09\/Logo.svg","contentUrl":"https:\/\/www.meyer.hr\/wp-content\/uploads\/2020\/09\/Logo.svg","caption":"Zidac Laboratories"},"image":{"@id":"https:\/\/www.meyer.hr\/#logo"}},{"@type":"WebSite","@id":"https:\/\/www.meyer.hr\/#website","url":"https:\/\/www.meyer.hr\/","name":"Meyer","description":"","publisher":{"@id":"https:\/\/www.meyer.hr\/#organization"},"potentialAction":[{"@type":"SearchAction","target":{"@type":"EntryPoint","urlTemplate":"https:\/\/www.meyer.hr\/?s={search_term_string}"},"query-input":"required name=search_term_string"}],"inLanguage":"en-GB"},{"@type":"ImageObject","@id":"https:\/\/www.meyer.hr\/product\/esencia-adria-hidratizirajuci-secerni-piling-470g\/#primaryimage","inLanguage":"en-GB","url":"https:\/\/i2.wp.com\/www.meyer.hr\/wp-content\/uploads\/2022\/07\/Esencia-Adria-Hidratizirajuci-secerni-piling-EBA-2025-470g.jpg?fit=1920%2C1920&ssl=1","contentUrl":"https:\/\/i2.wp.com\/www.meyer.hr\/wp-content\/uploads\/2022\/07\/Esencia-Adria-Hidratizirajuci-secerni-piling-EBA-2025-470g.jpg?fit=1920%2C1920&ssl=1","width":1920,"height":1920,"caption":"Esencia Adria Hidratizirajuci secerni piling EBA 2025 470g"},{"@type":["WebPage","ItemPage"],"@id":"https:\/\/www.meyer.hr\/product\/esencia-adria-hidratizirajuci-secerni-piling-470g\/#webpage","url":"https:\/\/www.meyer.hr\/product\/esencia-adria-hidratizirajuci-secerni-piling-470g\/","name":"ESENCIA ADRIA | HIDRATIZIRAJU\u0106I \u0160E\u0106ERNI PILING 470g - Meyer","isPartOf":{"@id":"https:\/\/www.meyer.hr\/#website"},"primaryImageOfPage":{"@id":"https:\/\/www.meyer.hr\/product\/esencia-adria-hidratizirajuci-secerni-piling-470g\/#primaryimage"},"datePublished":"2022-07-18T08:21:56+00:00","dateModified":"2026-04-10T13:19:35+00:00","breadcrumb":{"@id":"https:\/\/www.meyer.hr\/product\/esencia-adria-hidratizirajuci-secerni-piling-470g\/#breadcrumb"},"inLanguage":"en-GB","potentialAction":[{"@type":"ReadAction","target":["https:\/\/www.meyer.hr\/product\/esencia-adria-hidratizirajuci-secerni-piling-470g\/"]}]},{"@type":"BreadcrumbList","@id":"https:\/\/www.meyer.hr\/product\/esencia-adria-hidratizirajuci-secerni-piling-470g\/#breadcrumb","itemListElement":[{"@type":"ListItem","position":1,"name":"Home","item":"https:\/\/www.meyer.hr\/"},{"@type":"ListItem","position":2,"name":"Shop","item":"https:\/\/www.meyer.hr\/"},{"@type":"ListItem","position":3,"name":"ESENCIA ADRIA | HIDRATIZIRAJU\u0106I \u0160E\u0106ERNI PILING 470g"}]}]}},"_links":{"self":[{"href":"https:\/\/www.meyer.hr\/en\/wp-json\/wp\/v2\/product\/2720","targetHints":{"allow":["GET"]}}],"collection":[{"href":"https:\/\/www.meyer.hr\/en\/wp-json\/wp\/v2\/product"}],"about":[{"href":"https:\/\/www.meyer.hr\/en\/wp-json\/wp\/v2\/types\/product"}],"replies":[{"embeddable":true,"href":"https:\/\/www.meyer.hr\/en\/wp-json\/wp\/v2\/comments?post=2720"}],"wp:featuredmedia":[{"embeddable":true,"href":"https:\/\/www.meyer.hr\/en\/wp-json\/wp\/v2\/media\/4686"}],"wp:attachment":[{"href":"https:\/\/www.meyer.hr\/en\/wp-json\/wp\/v2\/media?parent=2720"}],"wp:term":[{"taxonomy":"product_cat","embeddable":true,"href":"https:\/\/www.meyer.hr\/en\/wp-json\/wp\/v2\/product_cat?post=2720"},{"taxonomy":"product_tag","embeddable":true,"href":"https:\/\/www.meyer.hr\/en\/wp-json\/wp\/v2\/product_tag?post=2720"}],"curies":[{"name":"wp","href":"https:\/\/api.w.org\/{rel}","templated":true}]}}

ESENCIA ADRIA | HIDRATIZIRAJUĆI ŠEĆERNI PILING 470g

<p>Šećerni piling za tijelo obogaćen košticama marelice, prožet mirisom sočne naranče. Inovativna uljna tekstura koja se u dodiru s vodom pretvara u bogatu mliječnu emulziju te njeguje i čisti kožu od nečistoća ne ostavljajuči masni trag. Koža ostaje savršeno čista, meka i glatka, revitalizirana i prirodno lijepa. S uljem gorke naranče i košticama marelice.</p>

Esencia Adria Hidratizirajući šećerni piling s dragocjenim suhim uljima. 98% sastojaka je prirodnog podrijetla. Proizvod je nagrađen prestižnom <strong>Elle Beauty Awards 2025</strong> nagradom po <strong>izboru žirija</strong>.

<!-- This site is optimized with the Yoast SEO plugin v17.1 - https://yoast.com/wordpress/plugins/seo/ -->
<meta name="robots" content="index, follow, max-snippet:-1, max-image-preview:large, max-video-preview:-1" />
<link rel="canonical" href="https://www.meyer.hr/en/product/esencia-adria-hidratizirajuci-secerni-piling-470g/" />
<meta property="og:locale" content="en_GB" />
<meta property="og:type" content="article" />
<meta property="og:title" content="ESENCIA ADRIA | HIDRATIZIRAJUĆI ŠEĆERNI PILING 470g - Meyer" />
<meta property="og:description" content="Esencia Adria Hidratizirajući šećerni piling s dragocjenim suhim uljima. 98% sastojaka je prirodnog podrijetla. Proizvod je nagrađen prestižnom Elle Beauty Awards 2025 nagradom po izboru žirija." />
<meta property="og:url" content="https://www.meyer.hr/en/product/esencia-adria-hidratizirajuci-secerni-piling-470g/" />
<meta property="og:site_name" content="Meyer" />
<meta property="article:modified_time" content="2026-04-10T13:19:35+00:00" />
<meta property="og:image" content="https://www.meyer.hr/wp-content/uploads/2022/07/Esencia-Adria-Hidratizirajuci-secerni-piling-EBA-2025-470g.jpg" />
	<meta property="og:image:width" content="1920" />
	<meta property="og:image:height" content="1920" />
<meta name="twitter:card" content="summary_large_image" />
<meta name="twitter:label1" content="Estimated reading time" />
	<meta name="twitter:data1" content="1 minute" />
<script type="application/ld+json" class="yoast-schema-graph">{"@context":"https://schema.org","@graph":[{"@type":"Organization","@id":"https://www.meyer.hr/#organization","name":"Zidac Laboratories","url":"https://www.meyer.hr/","sameAs":[],"logo":{"@type":"ImageObject","@id":"https://www.meyer.hr/#logo","inLanguage":"en-GB","url":"https://www.meyer.hr/wp-content/uploads/2020/09/Logo.svg","contentUrl":"https://www.meyer.hr/wp-content/uploads/2020/09/Logo.svg","caption":"Zidac Laboratories"},"image":{"@id":"https://www.meyer.hr/#logo"}},{"@type":"WebSite","@id":"https://www.meyer.hr/#website","url":"https://www.meyer.hr/","name":"Meyer","description":"","publisher":{"@id":"https://www.meyer.hr/#organization"},"potentialAction":[{"@type":"SearchAction","target":{"@type":"EntryPoint","urlTemplate":"https://www.meyer.hr/?s={search_term_string}"},"query-input":"required name=search_term_string"}],"inLanguage":"en-GB"},{"@type":"ImageObject","@id":"https://www.meyer.hr/product/esencia-adria-hidratizirajuci-secerni-piling-470g/#primaryimage","inLanguage":"en-GB","url":"https://i2.wp.com/www.meyer.hr/wp-content/uploads/2022/07/Esencia-Adria-Hidratizirajuci-secerni-piling-EBA-2025-470g.jpg?fit=1920%2C1920&ssl=1","contentUrl":"https://i2.wp.com/www.meyer.hr/wp-content/uploads/2022/07/Esencia-Adria-Hidratizirajuci-secerni-piling-EBA-2025-470g.jpg?fit=1920%2C1920&ssl=1","width":1920,"height":1920,"caption":"Esencia Adria Hidratizirajuci secerni piling EBA 2025 470g"},{"@type":["WebPage","ItemPage"],"@id":"https://www.meyer.hr/product/esencia-adria-hidratizirajuci-secerni-piling-470g/#webpage","url":"https://www.meyer.hr/product/esencia-adria-hidratizirajuci-secerni-piling-470g/","name":"ESENCIA ADRIA | HIDRATIZIRAJU\u0106I \u0160E\u0106ERNI PILING 470g - Meyer","isPartOf":{"@id":"https://www.meyer.hr/#website"},"primaryImageOfPage":{"@id":"https://www.meyer.hr/product/esencia-adria-hidratizirajuci-secerni-piling-470g/#primaryimage"},"datePublished":"2022-07-18T08:21:56+00:00","dateModified":"2026-04-10T13:19:35+00:00","breadcrumb":{"@id":"https://www.meyer.hr/product/esencia-adria-hidratizirajuci-secerni-piling-470g/#breadcrumb"},"inLanguage":"en-GB","potentialAction":[{"@type":"ReadAction","target":["https://www.meyer.hr/product/esencia-adria-hidratizirajuci-secerni-piling-470g/"]}]},{"@type":"BreadcrumbList","@id":"https://www.meyer.hr/product/esencia-adria-hidratizirajuci-secerni-piling-470g/#breadcrumb","itemListElement":[{"@type":"ListItem","position":1,"name":"Home","item":"https://www.meyer.hr/"},{"@type":"ListItem","position":2,"name":"Shop","item":"https://www.meyer.hr/"},{"@type":"ListItem","position":3,"name":"ESENCIA ADRIA | HIDRATIZIRAJU\u0106I \u0160E\u0106ERNI PILING 470g"}]}]}</script>
<!-- / Yoast SEO plugin. -->

ESENCIA ADRIA | HIDRATIZIRAJUĆI ŠEĆERNI PILING 470g - Meyer

Esencia Adria Hidratizirajući šećerni piling s dragocjenim suhim uljima. 98% sastojaka je prirodnog podrijetla. Proizvod je nagrađen prestižnom Elle Beauty Awards 2025 nagradom po izboru žirija.
