{"id":3187,"date":"2023-08-07T08:58:53","date_gmt":"2023-08-07T07:58:53","guid":{"rendered":"https:\/\/www.meyer.hr\/?post_type=product&#038;p=3187"},"modified":"2023-08-17T12:52:03","modified_gmt":"2023-08-17T11:52:03","slug":"esencia-adria-eliksir-za-vlasiste-piskavica-i-ruzmarin","status":"publish","type":"product","link":"https:\/\/www.meyer.hr\/en\/product\/esencia-adria-eliksir-za-vlasiste-piskavica-i-ruzmarin\/","title":{"rendered":"ESENCIA ADRIA | ELIKSIR ZA VLASI\u0160TE PISKAVICA I RU\u017dMARIN"},"content":{"rendered":"<p>Eliksir za vlasi\u0161te oboga\u0107en uljem ru\u017emarina i ekstraktom sjemenki piskavice te kofeinom poma\u017ee pri rastu kose, poti\u010de ja\u010danje korijena i pobolj\u0161ava cirkulaciju vlasi\u0161ta. Dubinski hrani kosu i tjeme.<\/p>","protected":false},"excerpt":{"rendered":"Eliksir za vlasi\u0161te koji poma\u017ee pri rastu kose i ja\u010danju vlasi\u0161ta.","protected":false},"featured_media":3188,"comment_status":"closed","ping_status":"closed","template":"","meta":{"spay_email":""},"product_cat":[36,49],"product_tag":[111],"class_list":["post-3187","product","type-product","status-publish","has-post-thumbnail","hentry","product_cat-essencia-adria","product_cat-njega-kose","product_tag-njega-kose"],"yoast_head":"<!-- This site is optimized with the Yoast SEO plugin v17.1 - https:\/\/yoast.com\/wordpress\/plugins\/seo\/ -->\n<meta name=\"robots\" content=\"index, follow, max-snippet:-1, max-image-preview:large, max-video-preview:-1\" \/>\n<link rel=\"canonical\" href=\"https:\/\/www.meyer.hr\/en\/product\/esencia-adria-eliksir-za-vlasiste-piskavica-i-ruzmarin\/\" \/>\n<meta property=\"og:locale\" content=\"en_GB\" \/>\n<meta property=\"og:type\" content=\"article\" \/>\n<meta property=\"og:title\" content=\"ESENCIA ADRIA | ELIKSIR ZA VLASI\u0160TE PISKAVICA I RU\u017dMARIN - Meyer\" \/>\n<meta property=\"og:description\" content=\"Eliksir za vlasi\u0161te koji poma\u017ee pri rastu kose i ja\u010danju vlasi\u0161ta.\" \/>\n<meta property=\"og:url\" content=\"https:\/\/www.meyer.hr\/en\/product\/esencia-adria-eliksir-za-vlasiste-piskavica-i-ruzmarin\/\" \/>\n<meta property=\"og:site_name\" content=\"Meyer\" \/>\n<meta property=\"article:modified_time\" content=\"2023-08-17T11:52:03+00:00\" \/>\n<meta property=\"og:image\" content=\"https:\/\/www.meyer.hr\/wp-content\/uploads\/2023\/07\/eliksir.jpg\" \/>\n\t<meta property=\"og:image:width\" content=\"1920\" \/>\n\t<meta property=\"og:image:height\" content=\"1920\" \/>\n<meta name=\"twitter:card\" content=\"summary_large_image\" \/>\n<script type=\"application\/ld+json\" class=\"yoast-schema-graph\">{\"@context\":\"https:\/\/schema.org\",\"@graph\":[{\"@type\":\"Organization\",\"@id\":\"https:\/\/www.meyer.hr\/#organization\",\"name\":\"Zidac Laboratories\",\"url\":\"https:\/\/www.meyer.hr\/\",\"sameAs\":[],\"logo\":{\"@type\":\"ImageObject\",\"@id\":\"https:\/\/www.meyer.hr\/#logo\",\"inLanguage\":\"en-GB\",\"url\":\"https:\/\/www.meyer.hr\/wp-content\/uploads\/2020\/09\/Logo.svg\",\"contentUrl\":\"https:\/\/www.meyer.hr\/wp-content\/uploads\/2020\/09\/Logo.svg\",\"caption\":\"Zidac Laboratories\"},\"image\":{\"@id\":\"https:\/\/www.meyer.hr\/#logo\"}},{\"@type\":\"WebSite\",\"@id\":\"https:\/\/www.meyer.hr\/#website\",\"url\":\"https:\/\/www.meyer.hr\/\",\"name\":\"Meyer\",\"description\":\"\",\"publisher\":{\"@id\":\"https:\/\/www.meyer.hr\/#organization\"},\"potentialAction\":[{\"@type\":\"SearchAction\",\"target\":{\"@type\":\"EntryPoint\",\"urlTemplate\":\"https:\/\/www.meyer.hr\/?s={search_term_string}\"},\"query-input\":\"required name=search_term_string\"}],\"inLanguage\":\"en-GB\"},{\"@type\":\"ImageObject\",\"@id\":\"https:\/\/www.meyer.hr\/product\/esencia-adria-eliksir-za-vlasiste-piskavica-i-ruzmarin\/#primaryimage\",\"inLanguage\":\"en-GB\",\"url\":\"https:\/\/i1.wp.com\/www.meyer.hr\/wp-content\/uploads\/2023\/07\/eliksir.jpg?fit=1920%2C1920&ssl=1\",\"contentUrl\":\"https:\/\/i1.wp.com\/www.meyer.hr\/wp-content\/uploads\/2023\/07\/eliksir.jpg?fit=1920%2C1920&ssl=1\",\"width\":1920,\"height\":1920},{\"@type\":[\"WebPage\",\"ItemPage\"],\"@id\":\"https:\/\/www.meyer.hr\/product\/esencia-adria-eliksir-za-vlasiste-piskavica-i-ruzmarin\/#webpage\",\"url\":\"https:\/\/www.meyer.hr\/product\/esencia-adria-eliksir-za-vlasiste-piskavica-i-ruzmarin\/\",\"name\":\"ESENCIA ADRIA | ELIKSIR ZA VLASI\\u0160TE PISKAVICA I RU\\u017dMARIN - Meyer\",\"isPartOf\":{\"@id\":\"https:\/\/www.meyer.hr\/#website\"},\"primaryImageOfPage\":{\"@id\":\"https:\/\/www.meyer.hr\/product\/esencia-adria-eliksir-za-vlasiste-piskavica-i-ruzmarin\/#primaryimage\"},\"datePublished\":\"2023-08-07T07:58:53+00:00\",\"dateModified\":\"2023-08-17T11:52:03+00:00\",\"breadcrumb\":{\"@id\":\"https:\/\/www.meyer.hr\/product\/esencia-adria-eliksir-za-vlasiste-piskavica-i-ruzmarin\/#breadcrumb\"},\"inLanguage\":\"en-GB\",\"potentialAction\":[{\"@type\":\"ReadAction\",\"target\":[\"https:\/\/www.meyer.hr\/product\/esencia-adria-eliksir-za-vlasiste-piskavica-i-ruzmarin\/\"]}]},{\"@type\":\"BreadcrumbList\",\"@id\":\"https:\/\/www.meyer.hr\/product\/esencia-adria-eliksir-za-vlasiste-piskavica-i-ruzmarin\/#breadcrumb\",\"itemListElement\":[{\"@type\":\"ListItem\",\"position\":1,\"name\":\"Home\",\"item\":\"https:\/\/www.meyer.hr\/\"},{\"@type\":\"ListItem\",\"position\":2,\"name\":\"Shop\",\"item\":\"https:\/\/www.meyer.hr\/\"},{\"@type\":\"ListItem\",\"position\":3,\"name\":\"ESENCIA ADRIA | ELIKSIR ZA VLASI\\u0160TE PISKAVICA I RU\\u017dMARIN\"}]}]}<\/script>\n<!-- \/ Yoast SEO plugin. -->","yoast_head_json":{"robots":{"index":"index","follow":"follow","max-snippet":"max-snippet:-1","max-image-preview":"max-image-preview:large","max-video-preview":"max-video-preview:-1"},"canonical":"https:\/\/www.meyer.hr\/en\/product\/esencia-adria-eliksir-za-vlasiste-piskavica-i-ruzmarin\/","og_locale":"en_GB","og_type":"article","og_title":"ESENCIA ADRIA | ELIKSIR ZA VLASI\u0160TE PISKAVICA I RU\u017dMARIN - Meyer","og_description":"Eliksir za vlasi\u0161te koji poma\u017ee pri rastu kose i ja\u010danju vlasi\u0161ta.","og_url":"https:\/\/www.meyer.hr\/en\/product\/esencia-adria-eliksir-za-vlasiste-piskavica-i-ruzmarin\/","og_site_name":"Meyer","article_modified_time":"2023-08-17T11:52:03+00:00","og_image":[{"width":1920,"height":1920,"filesize":150267,"url":"https:\/\/www.meyer.hr\/wp-content\/uploads\/2023\/07\/eliksir.jpg","path":"\/nas\/content\/live\/meyershop\/wp-content\/uploads\/2023\/07\/eliksir.jpg","size":"full","id":3188,"alt":"","pixels":3686400,"type":"image\/jpeg"}],"twitter_card":"summary_large_image","schema":{"@context":"https:\/\/schema.org","@graph":[{"@type":"Organization","@id":"https:\/\/www.meyer.hr\/#organization","name":"Zidac Laboratories","url":"https:\/\/www.meyer.hr\/","sameAs":[],"logo":{"@type":"ImageObject","@id":"https:\/\/www.meyer.hr\/#logo","inLanguage":"en-GB","url":"https:\/\/www.meyer.hr\/wp-content\/uploads\/2020\/09\/Logo.svg","contentUrl":"https:\/\/www.meyer.hr\/wp-content\/uploads\/2020\/09\/Logo.svg","caption":"Zidac Laboratories"},"image":{"@id":"https:\/\/www.meyer.hr\/#logo"}},{"@type":"WebSite","@id":"https:\/\/www.meyer.hr\/#website","url":"https:\/\/www.meyer.hr\/","name":"Meyer","description":"","publisher":{"@id":"https:\/\/www.meyer.hr\/#organization"},"potentialAction":[{"@type":"SearchAction","target":{"@type":"EntryPoint","urlTemplate":"https:\/\/www.meyer.hr\/?s={search_term_string}"},"query-input":"required name=search_term_string"}],"inLanguage":"en-GB"},{"@type":"ImageObject","@id":"https:\/\/www.meyer.hr\/product\/esencia-adria-eliksir-za-vlasiste-piskavica-i-ruzmarin\/#primaryimage","inLanguage":"en-GB","url":"https:\/\/i1.wp.com\/www.meyer.hr\/wp-content\/uploads\/2023\/07\/eliksir.jpg?fit=1920%2C1920&ssl=1","contentUrl":"https:\/\/i1.wp.com\/www.meyer.hr\/wp-content\/uploads\/2023\/07\/eliksir.jpg?fit=1920%2C1920&ssl=1","width":1920,"height":1920},{"@type":["WebPage","ItemPage"],"@id":"https:\/\/www.meyer.hr\/product\/esencia-adria-eliksir-za-vlasiste-piskavica-i-ruzmarin\/#webpage","url":"https:\/\/www.meyer.hr\/product\/esencia-adria-eliksir-za-vlasiste-piskavica-i-ruzmarin\/","name":"ESENCIA ADRIA | ELIKSIR ZA VLASI\u0160TE PISKAVICA I RU\u017dMARIN - Meyer","isPartOf":{"@id":"https:\/\/www.meyer.hr\/#website"},"primaryImageOfPage":{"@id":"https:\/\/www.meyer.hr\/product\/esencia-adria-eliksir-za-vlasiste-piskavica-i-ruzmarin\/#primaryimage"},"datePublished":"2023-08-07T07:58:53+00:00","dateModified":"2023-08-17T11:52:03+00:00","breadcrumb":{"@id":"https:\/\/www.meyer.hr\/product\/esencia-adria-eliksir-za-vlasiste-piskavica-i-ruzmarin\/#breadcrumb"},"inLanguage":"en-GB","potentialAction":[{"@type":"ReadAction","target":["https:\/\/www.meyer.hr\/product\/esencia-adria-eliksir-za-vlasiste-piskavica-i-ruzmarin\/"]}]},{"@type":"BreadcrumbList","@id":"https:\/\/www.meyer.hr\/product\/esencia-adria-eliksir-za-vlasiste-piskavica-i-ruzmarin\/#breadcrumb","itemListElement":[{"@type":"ListItem","position":1,"name":"Home","item":"https:\/\/www.meyer.hr\/"},{"@type":"ListItem","position":2,"name":"Shop","item":"https:\/\/www.meyer.hr\/"},{"@type":"ListItem","position":3,"name":"ESENCIA ADRIA | ELIKSIR ZA VLASI\u0160TE PISKAVICA I RU\u017dMARIN"}]}]}},"_links":{"self":[{"href":"https:\/\/www.meyer.hr\/en\/wp-json\/wp\/v2\/product\/3187","targetHints":{"allow":["GET"]}}],"collection":[{"href":"https:\/\/www.meyer.hr\/en\/wp-json\/wp\/v2\/product"}],"about":[{"href":"https:\/\/www.meyer.hr\/en\/wp-json\/wp\/v2\/types\/product"}],"replies":[{"embeddable":true,"href":"https:\/\/www.meyer.hr\/en\/wp-json\/wp\/v2\/comments?post=3187"}],"wp:featuredmedia":[{"embeddable":true,"href":"https:\/\/www.meyer.hr\/en\/wp-json\/wp\/v2\/media\/3188"}],"wp:attachment":[{"href":"https:\/\/www.meyer.hr\/en\/wp-json\/wp\/v2\/media?parent=3187"}],"wp:term":[{"taxonomy":"product_cat","embeddable":true,"href":"https:\/\/www.meyer.hr\/en\/wp-json\/wp\/v2\/product_cat?post=3187"},{"taxonomy":"product_tag","embeddable":true,"href":"https:\/\/www.meyer.hr\/en\/wp-json\/wp\/v2\/product_tag?post=3187"}],"curies":[{"name":"wp","href":"https:\/\/api.w.org\/{rel}","templated":true}]}}

ESENCIA ADRIA | ELIKSIR ZA VLASIŠTE PISKAVICA I RUŽMARIN

<p>Eliksir za vlasište obogaćen uljem ružmarina i ekstraktom sjemenki piskavice te kofeinom pomaže pri rastu kose, potiče jačanje korijena i poboljšava cirkulaciju vlasišta. Dubinski hrani kosu i tjeme.</p>

Eliksir za vlasište koji pomaže pri rastu kose i jačanju vlasišta.

<!-- This site is optimized with the Yoast SEO plugin v17.1 - https://yoast.com/wordpress/plugins/seo/ -->
<meta name="robots" content="index, follow, max-snippet:-1, max-image-preview:large, max-video-preview:-1" />
<link rel="canonical" href="https://www.meyer.hr/en/product/esencia-adria-eliksir-za-vlasiste-piskavica-i-ruzmarin/" />
<meta property="og:locale" content="en_GB" />
<meta property="og:type" content="article" />
<meta property="og:title" content="ESENCIA ADRIA | ELIKSIR ZA VLASIŠTE PISKAVICA I RUŽMARIN - Meyer" />
<meta property="og:description" content="Eliksir za vlasište koji pomaže pri rastu kose i jačanju vlasišta." />
<meta property="og:url" content="https://www.meyer.hr/en/product/esencia-adria-eliksir-za-vlasiste-piskavica-i-ruzmarin/" />
<meta property="og:site_name" content="Meyer" />
<meta property="article:modified_time" content="2023-08-17T11:52:03+00:00" />
<meta property="og:image" content="https://www.meyer.hr/wp-content/uploads/2023/07/eliksir.jpg" />
	<meta property="og:image:width" content="1920" />
	<meta property="og:image:height" content="1920" />
<meta name="twitter:card" content="summary_large_image" />
<script type="application/ld+json" class="yoast-schema-graph">{"@context":"https://schema.org","@graph":[{"@type":"Organization","@id":"https://www.meyer.hr/#organization","name":"Zidac Laboratories","url":"https://www.meyer.hr/","sameAs":[],"logo":{"@type":"ImageObject","@id":"https://www.meyer.hr/#logo","inLanguage":"en-GB","url":"https://www.meyer.hr/wp-content/uploads/2020/09/Logo.svg","contentUrl":"https://www.meyer.hr/wp-content/uploads/2020/09/Logo.svg","caption":"Zidac Laboratories"},"image":{"@id":"https://www.meyer.hr/#logo"}},{"@type":"WebSite","@id":"https://www.meyer.hr/#website","url":"https://www.meyer.hr/","name":"Meyer","description":"","publisher":{"@id":"https://www.meyer.hr/#organization"},"potentialAction":[{"@type":"SearchAction","target":{"@type":"EntryPoint","urlTemplate":"https://www.meyer.hr/?s={search_term_string}"},"query-input":"required name=search_term_string"}],"inLanguage":"en-GB"},{"@type":"ImageObject","@id":"https://www.meyer.hr/product/esencia-adria-eliksir-za-vlasiste-piskavica-i-ruzmarin/#primaryimage","inLanguage":"en-GB","url":"https://i1.wp.com/www.meyer.hr/wp-content/uploads/2023/07/eliksir.jpg?fit=1920%2C1920&ssl=1","contentUrl":"https://i1.wp.com/www.meyer.hr/wp-content/uploads/2023/07/eliksir.jpg?fit=1920%2C1920&ssl=1","width":1920,"height":1920},{"@type":["WebPage","ItemPage"],"@id":"https://www.meyer.hr/product/esencia-adria-eliksir-za-vlasiste-piskavica-i-ruzmarin/#webpage","url":"https://www.meyer.hr/product/esencia-adria-eliksir-za-vlasiste-piskavica-i-ruzmarin/","name":"ESENCIA ADRIA | ELIKSIR ZA VLASI\u0160TE PISKAVICA I RU\u017dMARIN - Meyer","isPartOf":{"@id":"https://www.meyer.hr/#website"},"primaryImageOfPage":{"@id":"https://www.meyer.hr/product/esencia-adria-eliksir-za-vlasiste-piskavica-i-ruzmarin/#primaryimage"},"datePublished":"2023-08-07T07:58:53+00:00","dateModified":"2023-08-17T11:52:03+00:00","breadcrumb":{"@id":"https://www.meyer.hr/product/esencia-adria-eliksir-za-vlasiste-piskavica-i-ruzmarin/#breadcrumb"},"inLanguage":"en-GB","potentialAction":[{"@type":"ReadAction","target":["https://www.meyer.hr/product/esencia-adria-eliksir-za-vlasiste-piskavica-i-ruzmarin/"]}]},{"@type":"BreadcrumbList","@id":"https://www.meyer.hr/product/esencia-adria-eliksir-za-vlasiste-piskavica-i-ruzmarin/#breadcrumb","itemListElement":[{"@type":"ListItem","position":1,"name":"Home","item":"https://www.meyer.hr/"},{"@type":"ListItem","position":2,"name":"Shop","item":"https://www.meyer.hr/"},{"@type":"ListItem","position":3,"name":"ESENCIA ADRIA | ELIKSIR ZA VLASI\u0160TE PISKAVICA I RU\u017dMARIN"}]}]}</script>
<!-- / Yoast SEO plugin. -->

ESENCIA ADRIA | ELIKSIR ZA VLASIŠTE PISKAVICA I RUŽMARIN - Meyer
