{"id":4595,"date":"2025-07-15T09:40:20","date_gmt":"2025-07-15T08:40:20","guid":{"rendered":"https:\/\/www.meyer.hr\/?post_type=product&#038;p=4595"},"modified":"2025-09-22T13:36:48","modified_gmt":"2025-09-22T12:36:48","slug":"esencia-adria-njegujuci-tekuci-sapun-breskva-s-vitaminom-c-niacinamidom-500ml","status":"publish","type":"product","link":"https:\/\/www.meyer.hr\/en\/product\/esencia-adria-njegujuci-tekuci-sapun-breskva-s-vitaminom-c-niacinamidom-500ml\/","title":{"rendered":"ESENCIA ADRIA | NJEGUJU\u0106I TEKU\u0106I SAPUN BRESKVA S VITAMINOM C &#038; NIACINAMIDOM 500ML"},"content":{"rendered":"<p>Esencia Adria Njeguju\u0107i teku\u0107i sapun Breskva s vitaminom C &amp; niacinamidom je posebno formuliran sapun za ruke kojima je potrebna sna\u017ena antioksidativna za\u0161tita, sna\u017enija ko\u017ena barijera za bolje zadr\u017eavanje vlage te dodatna njega za ujedna\u010davanje tena.<\/p>","protected":false},"excerpt":{"rendered":"Esencia Adria Njeguju\u0107i teku\u0107i sapun Breskva s vitaminom C &amp; niacinamidom za svakodnevno pranje ruku s \u010dak 94 posto sastojaka prirodnog podrijetla.","protected":false},"featured_media":4603,"comment_status":"closed","ping_status":"closed","template":"","meta":{"spay_email":""},"product_cat":[36,50],"product_tag":[110],"class_list":["post-4595","product","type-product","status-publish","has-post-thumbnail","hentry","product_cat-essencia-adria","product_cat-njega-tijela","product_tag-njega-tijela"],"yoast_head":"<!-- This site is optimized with the Yoast SEO plugin v17.1 - https:\/\/yoast.com\/wordpress\/plugins\/seo\/ -->\n<meta name=\"robots\" content=\"index, follow, max-snippet:-1, max-image-preview:large, max-video-preview:-1\" \/>\n<link rel=\"canonical\" href=\"https:\/\/www.meyer.hr\/en\/product\/esencia-adria-njegujuci-tekuci-sapun-breskva-s-vitaminom-c-niacinamidom-500ml\/\" \/>\n<meta property=\"og:locale\" content=\"en_GB\" \/>\n<meta property=\"og:type\" content=\"article\" \/>\n<meta property=\"og:title\" content=\"ESENCIA ADRIA | NJEGUJU\u0106I TEKU\u0106I SAPUN BRESKVA S VITAMINOM C &amp; NIACINAMIDOM 500ML - Meyer\" \/>\n<meta property=\"og:description\" content=\"Esencia Adria Njeguju\u0107i teku\u0107i sapun Breskva s vitaminom C &amp; niacinamidom za svakodnevno pranje ruku s \u010dak 94 posto sastojaka prirodnog podrijetla.\" \/>\n<meta property=\"og:url\" content=\"https:\/\/www.meyer.hr\/en\/product\/esencia-adria-njegujuci-tekuci-sapun-breskva-s-vitaminom-c-niacinamidom-500ml\/\" \/>\n<meta property=\"og:site_name\" content=\"Meyer\" \/>\n<meta property=\"article:modified_time\" content=\"2025-09-22T12:36:48+00:00\" \/>\n<meta property=\"og:image\" content=\"https:\/\/www.meyer.hr\/wp-content\/uploads\/2025\/07\/Esencia-Adria-Njegujuci-tekuci-sapun-breskva-500ml.jpg\" \/>\n\t<meta property=\"og:image:width\" content=\"1920\" \/>\n\t<meta property=\"og:image:height\" content=\"1920\" \/>\n<meta name=\"twitter:card\" content=\"summary_large_image\" \/>\n<script type=\"application\/ld+json\" class=\"yoast-schema-graph\">{\"@context\":\"https:\/\/schema.org\",\"@graph\":[{\"@type\":\"Organization\",\"@id\":\"https:\/\/www.meyer.hr\/#organization\",\"name\":\"Zidac Laboratories\",\"url\":\"https:\/\/www.meyer.hr\/\",\"sameAs\":[],\"logo\":{\"@type\":\"ImageObject\",\"@id\":\"https:\/\/www.meyer.hr\/#logo\",\"inLanguage\":\"en-GB\",\"url\":\"https:\/\/www.meyer.hr\/wp-content\/uploads\/2020\/09\/Logo.svg\",\"contentUrl\":\"https:\/\/www.meyer.hr\/wp-content\/uploads\/2020\/09\/Logo.svg\",\"caption\":\"Zidac Laboratories\"},\"image\":{\"@id\":\"https:\/\/www.meyer.hr\/#logo\"}},{\"@type\":\"WebSite\",\"@id\":\"https:\/\/www.meyer.hr\/#website\",\"url\":\"https:\/\/www.meyer.hr\/\",\"name\":\"Meyer\",\"description\":\"\",\"publisher\":{\"@id\":\"https:\/\/www.meyer.hr\/#organization\"},\"potentialAction\":[{\"@type\":\"SearchAction\",\"target\":{\"@type\":\"EntryPoint\",\"urlTemplate\":\"https:\/\/www.meyer.hr\/?s={search_term_string}\"},\"query-input\":\"required name=search_term_string\"}],\"inLanguage\":\"en-GB\"},{\"@type\":\"ImageObject\",\"@id\":\"https:\/\/www.meyer.hr\/product\/esencia-adria-njegujuci-tekuci-sapun-breskva-s-vitaminom-c-niacinamidom-500ml\/#primaryimage\",\"inLanguage\":\"en-GB\",\"url\":\"https:\/\/i1.wp.com\/www.meyer.hr\/wp-content\/uploads\/2025\/07\/Esencia-Adria-Njegujuci-tekuci-sapun-breskva-500ml.jpg?fit=1920%2C1920&ssl=1\",\"contentUrl\":\"https:\/\/i1.wp.com\/www.meyer.hr\/wp-content\/uploads\/2025\/07\/Esencia-Adria-Njegujuci-tekuci-sapun-breskva-500ml.jpg?fit=1920%2C1920&ssl=1\",\"width\":1920,\"height\":1920,\"caption\":\"Esencia Adria Njegujuci tekuci sapun breskva 500ml\"},{\"@type\":[\"WebPage\",\"ItemPage\"],\"@id\":\"https:\/\/www.meyer.hr\/product\/esencia-adria-njegujuci-tekuci-sapun-breskva-s-vitaminom-c-niacinamidom-500ml\/#webpage\",\"url\":\"https:\/\/www.meyer.hr\/product\/esencia-adria-njegujuci-tekuci-sapun-breskva-s-vitaminom-c-niacinamidom-500ml\/\",\"name\":\"ESENCIA ADRIA | NJEGUJU\\u0106I TEKU\\u0106I SAPUN BRESKVA S VITAMINOM C & NIACINAMIDOM 500ML - Meyer\",\"isPartOf\":{\"@id\":\"https:\/\/www.meyer.hr\/#website\"},\"primaryImageOfPage\":{\"@id\":\"https:\/\/www.meyer.hr\/product\/esencia-adria-njegujuci-tekuci-sapun-breskva-s-vitaminom-c-niacinamidom-500ml\/#primaryimage\"},\"datePublished\":\"2025-07-15T08:40:20+00:00\",\"dateModified\":\"2025-09-22T12:36:48+00:00\",\"breadcrumb\":{\"@id\":\"https:\/\/www.meyer.hr\/product\/esencia-adria-njegujuci-tekuci-sapun-breskva-s-vitaminom-c-niacinamidom-500ml\/#breadcrumb\"},\"inLanguage\":\"en-GB\",\"potentialAction\":[{\"@type\":\"ReadAction\",\"target\":[\"https:\/\/www.meyer.hr\/product\/esencia-adria-njegujuci-tekuci-sapun-breskva-s-vitaminom-c-niacinamidom-500ml\/\"]}]},{\"@type\":\"BreadcrumbList\",\"@id\":\"https:\/\/www.meyer.hr\/product\/esencia-adria-njegujuci-tekuci-sapun-breskva-s-vitaminom-c-niacinamidom-500ml\/#breadcrumb\",\"itemListElement\":[{\"@type\":\"ListItem\",\"position\":1,\"name\":\"Home\",\"item\":\"https:\/\/www.meyer.hr\/\"},{\"@type\":\"ListItem\",\"position\":2,\"name\":\"Shop\",\"item\":\"https:\/\/www.meyer.hr\/\"},{\"@type\":\"ListItem\",\"position\":3,\"name\":\"ESENCIA ADRIA | NJEGUJU\\u0106I TEKU\\u0106I SAPUN BRESKVA S VITAMINOM C &#038; NIACINAMIDOM 500ML\"}]}]}<\/script>\n<!-- \/ Yoast SEO plugin. -->","yoast_head_json":{"robots":{"index":"index","follow":"follow","max-snippet":"max-snippet:-1","max-image-preview":"max-image-preview:large","max-video-preview":"max-video-preview:-1"},"canonical":"https:\/\/www.meyer.hr\/en\/product\/esencia-adria-njegujuci-tekuci-sapun-breskva-s-vitaminom-c-niacinamidom-500ml\/","og_locale":"en_GB","og_type":"article","og_title":"ESENCIA ADRIA | NJEGUJU\u0106I TEKU\u0106I SAPUN BRESKVA S VITAMINOM C & NIACINAMIDOM 500ML - Meyer","og_description":"Esencia Adria Njeguju\u0107i teku\u0107i sapun Breskva s vitaminom C &amp; niacinamidom za svakodnevno pranje ruku s \u010dak 94 posto sastojaka prirodnog podrijetla.","og_url":"https:\/\/www.meyer.hr\/en\/product\/esencia-adria-njegujuci-tekuci-sapun-breskva-s-vitaminom-c-niacinamidom-500ml\/","og_site_name":"Meyer","article_modified_time":"2025-09-22T12:36:48+00:00","og_image":[{"width":1920,"height":1920,"filesize":189976,"url":"https:\/\/www.meyer.hr\/wp-content\/uploads\/2025\/07\/Esencia-Adria-Njegujuci-tekuci-sapun-breskva-500ml.jpg","path":"\/nas\/content\/live\/meyershop\/wp-content\/uploads\/2025\/07\/Esencia-Adria-Njegujuci-tekuci-sapun-breskva-500ml.jpg","size":"full","id":4603,"alt":"Esencia Adria Njegujuci tekuci sapun breskva 500ml","pixels":3686400,"type":"image\/jpeg"}],"twitter_card":"summary_large_image","schema":{"@context":"https:\/\/schema.org","@graph":[{"@type":"Organization","@id":"https:\/\/www.meyer.hr\/#organization","name":"Zidac Laboratories","url":"https:\/\/www.meyer.hr\/","sameAs":[],"logo":{"@type":"ImageObject","@id":"https:\/\/www.meyer.hr\/#logo","inLanguage":"en-GB","url":"https:\/\/www.meyer.hr\/wp-content\/uploads\/2020\/09\/Logo.svg","contentUrl":"https:\/\/www.meyer.hr\/wp-content\/uploads\/2020\/09\/Logo.svg","caption":"Zidac Laboratories"},"image":{"@id":"https:\/\/www.meyer.hr\/#logo"}},{"@type":"WebSite","@id":"https:\/\/www.meyer.hr\/#website","url":"https:\/\/www.meyer.hr\/","name":"Meyer","description":"","publisher":{"@id":"https:\/\/www.meyer.hr\/#organization"},"potentialAction":[{"@type":"SearchAction","target":{"@type":"EntryPoint","urlTemplate":"https:\/\/www.meyer.hr\/?s={search_term_string}"},"query-input":"required name=search_term_string"}],"inLanguage":"en-GB"},{"@type":"ImageObject","@id":"https:\/\/www.meyer.hr\/product\/esencia-adria-njegujuci-tekuci-sapun-breskva-s-vitaminom-c-niacinamidom-500ml\/#primaryimage","inLanguage":"en-GB","url":"https:\/\/i1.wp.com\/www.meyer.hr\/wp-content\/uploads\/2025\/07\/Esencia-Adria-Njegujuci-tekuci-sapun-breskva-500ml.jpg?fit=1920%2C1920&ssl=1","contentUrl":"https:\/\/i1.wp.com\/www.meyer.hr\/wp-content\/uploads\/2025\/07\/Esencia-Adria-Njegujuci-tekuci-sapun-breskva-500ml.jpg?fit=1920%2C1920&ssl=1","width":1920,"height":1920,"caption":"Esencia Adria Njegujuci tekuci sapun breskva 500ml"},{"@type":["WebPage","ItemPage"],"@id":"https:\/\/www.meyer.hr\/product\/esencia-adria-njegujuci-tekuci-sapun-breskva-s-vitaminom-c-niacinamidom-500ml\/#webpage","url":"https:\/\/www.meyer.hr\/product\/esencia-adria-njegujuci-tekuci-sapun-breskva-s-vitaminom-c-niacinamidom-500ml\/","name":"ESENCIA ADRIA | NJEGUJU\u0106I TEKU\u0106I SAPUN BRESKVA S VITAMINOM C & NIACINAMIDOM 500ML - Meyer","isPartOf":{"@id":"https:\/\/www.meyer.hr\/#website"},"primaryImageOfPage":{"@id":"https:\/\/www.meyer.hr\/product\/esencia-adria-njegujuci-tekuci-sapun-breskva-s-vitaminom-c-niacinamidom-500ml\/#primaryimage"},"datePublished":"2025-07-15T08:40:20+00:00","dateModified":"2025-09-22T12:36:48+00:00","breadcrumb":{"@id":"https:\/\/www.meyer.hr\/product\/esencia-adria-njegujuci-tekuci-sapun-breskva-s-vitaminom-c-niacinamidom-500ml\/#breadcrumb"},"inLanguage":"en-GB","potentialAction":[{"@type":"ReadAction","target":["https:\/\/www.meyer.hr\/product\/esencia-adria-njegujuci-tekuci-sapun-breskva-s-vitaminom-c-niacinamidom-500ml\/"]}]},{"@type":"BreadcrumbList","@id":"https:\/\/www.meyer.hr\/product\/esencia-adria-njegujuci-tekuci-sapun-breskva-s-vitaminom-c-niacinamidom-500ml\/#breadcrumb","itemListElement":[{"@type":"ListItem","position":1,"name":"Home","item":"https:\/\/www.meyer.hr\/"},{"@type":"ListItem","position":2,"name":"Shop","item":"https:\/\/www.meyer.hr\/"},{"@type":"ListItem","position":3,"name":"ESENCIA ADRIA | NJEGUJU\u0106I TEKU\u0106I SAPUN BRESKVA S VITAMINOM C &#038; NIACINAMIDOM 500ML"}]}]}},"_links":{"self":[{"href":"https:\/\/www.meyer.hr\/en\/wp-json\/wp\/v2\/product\/4595","targetHints":{"allow":["GET"]}}],"collection":[{"href":"https:\/\/www.meyer.hr\/en\/wp-json\/wp\/v2\/product"}],"about":[{"href":"https:\/\/www.meyer.hr\/en\/wp-json\/wp\/v2\/types\/product"}],"replies":[{"embeddable":true,"href":"https:\/\/www.meyer.hr\/en\/wp-json\/wp\/v2\/comments?post=4595"}],"wp:featuredmedia":[{"embeddable":true,"href":"https:\/\/www.meyer.hr\/en\/wp-json\/wp\/v2\/media\/4603"}],"wp:attachment":[{"href":"https:\/\/www.meyer.hr\/en\/wp-json\/wp\/v2\/media?parent=4595"}],"wp:term":[{"taxonomy":"product_cat","embeddable":true,"href":"https:\/\/www.meyer.hr\/en\/wp-json\/wp\/v2\/product_cat?post=4595"},{"taxonomy":"product_tag","embeddable":true,"href":"https:\/\/www.meyer.hr\/en\/wp-json\/wp\/v2\/product_tag?post=4595"}],"curies":[{"name":"wp","href":"https:\/\/api.w.org\/{rel}","templated":true}]}}

ESENCIA ADRIA | NJEGUJUĆI TEKUĆI SAPUN BRESKVA S VITAMINOM C &#038; NIACINAMIDOM 500ML

<p>Esencia Adria Njegujući tekući sapun Breskva s vitaminom C &amp; niacinamidom je posebno formuliran sapun za ruke kojima je potrebna snažna antioksidativna zaštita, snažnija kožna barijera za bolje zadržavanje vlage te dodatna njega za ujednačavanje tena.</p>

Esencia Adria Njegujući tekući sapun Breskva s vitaminom C &amp; niacinamidom za svakodnevno pranje ruku s čak 94 posto sastojaka prirodnog podrijetla.

<!-- This site is optimized with the Yoast SEO plugin v17.1 - https://yoast.com/wordpress/plugins/seo/ -->
<meta name="robots" content="index, follow, max-snippet:-1, max-image-preview:large, max-video-preview:-1" />
<link rel="canonical" href="https://www.meyer.hr/en/product/esencia-adria-njegujuci-tekuci-sapun-breskva-s-vitaminom-c-niacinamidom-500ml/" />
<meta property="og:locale" content="en_GB" />
<meta property="og:type" content="article" />
<meta property="og:title" content="ESENCIA ADRIA | NJEGUJUĆI TEKUĆI SAPUN BRESKVA S VITAMINOM C &amp; NIACINAMIDOM 500ML - Meyer" />
<meta property="og:description" content="Esencia Adria Njegujući tekući sapun Breskva s vitaminom C &amp; niacinamidom za svakodnevno pranje ruku s čak 94 posto sastojaka prirodnog podrijetla." />
<meta property="og:url" content="https://www.meyer.hr/en/product/esencia-adria-njegujuci-tekuci-sapun-breskva-s-vitaminom-c-niacinamidom-500ml/" />
<meta property="og:site_name" content="Meyer" />
<meta property="article:modified_time" content="2025-09-22T12:36:48+00:00" />
<meta property="og:image" content="https://www.meyer.hr/wp-content/uploads/2025/07/Esencia-Adria-Njegujuci-tekuci-sapun-breskva-500ml.jpg" />
	<meta property="og:image:width" content="1920" />
	<meta property="og:image:height" content="1920" />
<meta name="twitter:card" content="summary_large_image" />
<script type="application/ld+json" class="yoast-schema-graph">{"@context":"https://schema.org","@graph":[{"@type":"Organization","@id":"https://www.meyer.hr/#organization","name":"Zidac Laboratories","url":"https://www.meyer.hr/","sameAs":[],"logo":{"@type":"ImageObject","@id":"https://www.meyer.hr/#logo","inLanguage":"en-GB","url":"https://www.meyer.hr/wp-content/uploads/2020/09/Logo.svg","contentUrl":"https://www.meyer.hr/wp-content/uploads/2020/09/Logo.svg","caption":"Zidac Laboratories"},"image":{"@id":"https://www.meyer.hr/#logo"}},{"@type":"WebSite","@id":"https://www.meyer.hr/#website","url":"https://www.meyer.hr/","name":"Meyer","description":"","publisher":{"@id":"https://www.meyer.hr/#organization"},"potentialAction":[{"@type":"SearchAction","target":{"@type":"EntryPoint","urlTemplate":"https://www.meyer.hr/?s={search_term_string}"},"query-input":"required name=search_term_string"}],"inLanguage":"en-GB"},{"@type":"ImageObject","@id":"https://www.meyer.hr/product/esencia-adria-njegujuci-tekuci-sapun-breskva-s-vitaminom-c-niacinamidom-500ml/#primaryimage","inLanguage":"en-GB","url":"https://i1.wp.com/www.meyer.hr/wp-content/uploads/2025/07/Esencia-Adria-Njegujuci-tekuci-sapun-breskva-500ml.jpg?fit=1920%2C1920&ssl=1","contentUrl":"https://i1.wp.com/www.meyer.hr/wp-content/uploads/2025/07/Esencia-Adria-Njegujuci-tekuci-sapun-breskva-500ml.jpg?fit=1920%2C1920&ssl=1","width":1920,"height":1920,"caption":"Esencia Adria Njegujuci tekuci sapun breskva 500ml"},{"@type":["WebPage","ItemPage"],"@id":"https://www.meyer.hr/product/esencia-adria-njegujuci-tekuci-sapun-breskva-s-vitaminom-c-niacinamidom-500ml/#webpage","url":"https://www.meyer.hr/product/esencia-adria-njegujuci-tekuci-sapun-breskva-s-vitaminom-c-niacinamidom-500ml/","name":"ESENCIA ADRIA | NJEGUJU\u0106I TEKU\u0106I SAPUN BRESKVA S VITAMINOM C & NIACINAMIDOM 500ML - Meyer","isPartOf":{"@id":"https://www.meyer.hr/#website"},"primaryImageOfPage":{"@id":"https://www.meyer.hr/product/esencia-adria-njegujuci-tekuci-sapun-breskva-s-vitaminom-c-niacinamidom-500ml/#primaryimage"},"datePublished":"2025-07-15T08:40:20+00:00","dateModified":"2025-09-22T12:36:48+00:00","breadcrumb":{"@id":"https://www.meyer.hr/product/esencia-adria-njegujuci-tekuci-sapun-breskva-s-vitaminom-c-niacinamidom-500ml/#breadcrumb"},"inLanguage":"en-GB","potentialAction":[{"@type":"ReadAction","target":["https://www.meyer.hr/product/esencia-adria-njegujuci-tekuci-sapun-breskva-s-vitaminom-c-niacinamidom-500ml/"]}]},{"@type":"BreadcrumbList","@id":"https://www.meyer.hr/product/esencia-adria-njegujuci-tekuci-sapun-breskva-s-vitaminom-c-niacinamidom-500ml/#breadcrumb","itemListElement":[{"@type":"ListItem","position":1,"name":"Home","item":"https://www.meyer.hr/"},{"@type":"ListItem","position":2,"name":"Shop","item":"https://www.meyer.hr/"},{"@type":"ListItem","position":3,"name":"ESENCIA ADRIA | NJEGUJU\u0106I TEKU\u0106I SAPUN BRESKVA S VITAMINOM C &#038; NIACINAMIDOM 500ML"}]}]}</script>
<!-- / Yoast SEO plugin. -->

ESENCIA ADRIA | NJEGUJUĆI TEKUĆI SAPUN BRESKVA S VITAMINOM C & NIACINAMIDOM 500ML - Meyer
